{"version":"1.0","type":"rich","provider_name":"Revue Pr\u00e9sence Mariste","provider_url":"https:\/\/www.presence-mariste.fr","title":"Une &#171;&nbsp;classe Guttenberg&nbsp;&#187; \u00e0 St-Joseph de Matzenheim","author_name":"","width":"480","height":"295","url":"https:\/\/www.presence-mariste.fr\/Une-classe-Guttenberg-a-St-Joseph-de-Matzenheim.html","html":"\u003Ch4 class='title'\u003E\u003Ca href='https:\/\/www.presence-mariste.fr\/Une-classe-Guttenberg-a-St-Joseph-de-Matzenheim.html'\u003EUne &#171;&nbsp;classe Guttenberg&nbsp;&#187; \u00e0 St-Joseph de Matzenheim\u003C\/a\u003E\u003C\/h4\u003E\u003Cblockquote class='spip'\u003E\u003Cdiv class='spip_document_2813 spip_document spip_documents spip_document_image spip_documents_left spip_document_left'\u003E\n\u003Cfigure class=\"spip_doc_inner\"\u003E\n\n\n\t\t\u003Cimg src='sites\/presence-mariste.fr\/IMG\/jpg\/pm_297-_c1_logo.jpg' width=\"42\" height=\"60\" alt='PM 297- C1 logo' title='PM 297- C1 logo' \/\u003E\n\u003C\/figure\u003E\n\u003C\/div\u003E  \n\u003Cp\u003EIl s&#8217;agit de permettre aux \u00e9l\u00e8ves d\u2019apprendre \u00e0 comprendre pour mieux s\u2019exprimer, ou de conna\u00eetre le fonctionnement des moyens de communication mis \u00e0 notre disposition de nos jours. (Pr\u00e9sence Mariste n&#176;297, octobre 2018)\u003C\/p\u003E\u003C\/blockquote\u003E\n"}

Revue Présence Mariste

Une &#171;&nbsp;classe Guttenberg&nbsp;&#187; à St-Joseph de Matzenheim

<h4 class='title'><a href='https://www.presence-mariste.fr/Une-classe-Guttenberg-a-St-Joseph-de-Matzenheim.html'>Une &#171;&nbsp;classe Guttenberg&nbsp;&#187; à St-Joseph de Matzenheim</a></h4><blockquote class='spip'><div class='spip_document_2813 spip_document spip_documents spip_document_image spip_documents_left spip_document_left'>
<figure class="spip_doc_inner">


		<img src='sites/presence-mariste.fr/IMG/jpg/pm_297-_c1_logo.jpg' width="42" height="60" alt='PM 297- C1 logo' title='PM 297- C1 logo' />
</figure>
</div>  
<p>Il s&#8217;agit de permettre aux élèves d’apprendre à comprendre pour mieux s’exprimer, ou de connaître le fonctionnement des moyens de communication mis à notre disposition de nos jours. (Présence Mariste n&#176;297, octobre 2018)</p></blockquote>
